 -a**3 - 15*a**2 - 4*a - 45. Let r be b(-15). Suppose -r*c + 20*c = -5*w + 2115, 4*w + 5*c - 1688 = 0. List the prime factors of w.
7, 61
Let v be 7 - (-4)/((-2 - -2) + -2). Suppose -u = v*d + 2*u - 2661, 2139 = 4*d - u. List the prime factors of d.
2, 3, 89
Suppose -3*t - 3*p + 50 = -109, 2*p = 8. Suppose -569 = -t*b + 117. List the prime factors of b.
2, 7
Let l(k) = -k**3 - 16*k**2 + 6*k + 46. Let b be l(-20). Suppose 4*q - 2028 = 5*a - 9*a, 3*q - b = -2*a. List the prime factors of q.
2
Let x = 130 + -52. Let h(m) = m**2 + 2*m - 9. Let p be h(7). Let k = x - p. What are the prime factors of k?
2, 3
Suppose -71667 - 205029 = -27*f. Suppose -37*d - f = -31560. What are the prime factors of d?
2, 3
Suppose 5*m = f - 21*m - 39396, 3*m = 3*f - 118413. List the prime factors of f.
2, 3, 17, 43
Let c(n) = n**2 + 21*n + 92. Let a be c(-6). Suppose -10*r + 7104 = a*r. What are the prime factors of r?
2, 37
Suppose 47*g = 49*g - 2. Let s be (0/(g + -4))/1. Suppose -2*y - a + 89 = 0, 3*a + 0 - 9 = s. What are the prime factors of y?
43
Let s(v) = 3292*v - 72. Let h be s(-6). List the prime factors of 1*(-2)/4*h/24.
7, 59
Let v = -3 + 5. Let s = 105 - 102. Suppose -s*i = v*k - 274, 0 + 86 = i + 2*k. What are the prime factors of i?
2, 47
Let y(x) = -148*x. Let p(j) = -592*j + 1. Let l(n) = 2*p(n) - 9*y(n). Let s be l(-1). Let h = -34 - s. What are the prime factors of h?
2, 7
Suppose k + 4*k = -4*o - 58, -6 = -2*o. Let a(d) = -6*d**2 + 21 - 12*d + 11*d + 7*d**2. What are the prime factors of a(k)?
3, 7, 11
Suppose -2*a = l + 2575, -2*a - 1566 = -3*l + 1029. Let r = 2524 + a. What are the prime factors of r?
2, 617
Suppose 18*l = -2*t + 19*l + 6177, -2*t + 2*l + 6180 = 0. List the prime factors of t.
3, 7
Suppose 5*h + 3*p + 4 - 38 = 0, 2*p = 3*h - 9. Suppose -354 = -h*y - 4*t + t, -5*t = -4*y + 261. Suppose -10*u + 7*u = -y. What are the prime factors of u?
23
Let v(y) = 40*y - 11. Suppose 8*g = 2*g + 18. List the prime factors of v(g).
109
Suppose -s - 3 = 3*f - 20, -5*s = -5*f + 55. Suppose 4*k + 197 = 5*l, 3*k - 65 = 5*l - f*l. List the prime factors of l.
37
Let k be (23 - 7)*5/(10/27). Suppose 0 = 5*n - k + 16. List the prime factors of n.
2, 5
Suppose v = 3*y - 227902, 425*y - 419*y = 4*v + 455788. List the prime factors of y.
2, 5, 71, 107
Suppose 0 = 14*l - 414 + 386. Suppose -2800 = -3*n - l*o, 0*n + 4*o = -n + 950. List the prime factors of n.
2, 3, 5, 31
Suppose -22*g + 40 = -26. Suppose -j - g*j - 467 = -m, -2316 = -5*m + j. What are the prime factors of m?
463
Let t(d) = -382*d - 29. List the prime factors of t(-24).
13, 19, 37
Let v = 22751 - 13206. Suppose -v - 3535 = -10*x. What are the prime factors of x?
2, 3, 109
Let m be (-6 - (-45)/10)*(-2)/3. Suppose 3*u = -3*b + 30, m = u - 5*b + 15. Suppose -3*l + 513 = u*l. List the prime factors of l.
3, 19
List the prime factors of -15 + (-11)/(77/(-81298)).
7, 1657
Let b be ((-5)/10 + 93/(-2))*-1. Let p(y) = -104*y - 26 + b - 21. List the prime factors of p(-1).
2, 13
Suppose -3*p = 4*i + i + 20, i = -5*p - 4. Suppose 0 = 4*k - 3*y - 1114, 4*k - y = -p*y + 1118. What are the prime factors of k?
2, 5, 7
Let v(c) be the third derivative of 27*c**5/4 + c**4/8 + c**3/3 + 15*c**2. Let u be v(-1). Suppose -4*b + u = 56. List the prime factors of b.
3, 29
Suppose 18 - 4 = -7*u. Let t be (u/(-3))/(1 - (-7)/(-9)). Suppose t*b - 45 = 48. What are the prime factors of b?
31
Let k = -18 - -24. Suppose -s - 435 = -k*s. Let r = s - 21. List the prime factors of r.
2, 3, 11
Let n = 266 - 262. Suppose x = 3*g - 100 - 432, 4*x = -n. What are the prime factors of g?
3, 59
Let n(m) = -m**2 - 9*m - 15. Let k be n(-6). Suppose 19*r - 23232 = -k*r. What are the prime factors of r?
2, 3, 11
Suppose 0 = -4*o - 4*d + 32, 3*o - 14 = -2*d + 6. Let v(l) = 124*l + 21. List the prime factors of v(o).
11, 47
Suppose -o + 4*c = -71, -5*o + 2*c = 6*c - 379. Let j = 77 - o. List the prime factors of (5/(-2))/(j/(-44)).
5, 11
Suppose -5*u + 5*g + 45 = 0, g + 3 + 1 = 0. Suppose u*a + 2070 = 5455. List the prime factors of a.
677
Suppose 0*z + 25 = 4*v + z, 0 = 3*v - 2*z - 27. Suppose -6*h + 1378 = v*h. Let d = h + -96. What are the prime factors of d?
2, 5
Suppose -3*i = -o + 17, 0*i = -3*o - i + 1. Suppose 5*n - 511 = t - 3*t, o*n = t - 251. List the prime factors of t.
11, 23
Let l = 76 + -73. Suppose -l*o + 48 = -5*b + 3, b + 15 = o. List the prime factors of (80/(-6))/(-8)*o.
5
What are the prime factors of (-3 + 8 + 1040)/1 - 2?
7, 149
Let q be (-4)/6*6/(-4). Let f(s) = 3*s**2 - 45*s - 4. Let j be f(15). List the prime factors of (6/5)/(j*q/(-220)).
2, 3, 11
Let t be (-6 + 74/13)/2 + 5690/(-26). Let f(d) = d + 2. Let u be f(-5). List the prime factors of (t + -1)/(u - -2).
2, 5, 11
Suppose 71869 = 20*u + 13449. What are the prime factors of u?
23, 127
Let s(k) = -13972*k - 5886. List the prime factors of s(-6).
2, 3, 11, 1181
Let j(z) = 12*z**2 - 185*z - 1865. What are the prime factors of j(-54)?
43117
Let s = -7984 + 12699. List the prime factors of s.
5, 23, 41
Let u be (-154)/3003 - 3982/(-78). Let n be ((-208)/6)/((-2)/12). Let w = n - u. List the prime factors of w.
157
Let f be 10/(-4)*(-306)/15. Let t = f + -49. List the prime factors of (2 - (-175 - 2)) + t.
181
Suppose 2*r - 60682 = 19*l, 0 = -9*r + 4*r + l + 151426. What are the prime factors of r?
2, 67, 113
Suppose -3*l + 3498 = -14*l. List the prime factors of (l/(-4))/((18/264)/1).
2, 11, 53
Suppose -2 + 7 = -a, -5*d = 3*a - 136150. Suppose -d = -23*j + 2161. List the prime factors of j.
2, 3, 71
Let r = 27885 - 18801. List the prime factors of r.
2, 3, 757
Suppose -4*a - 4*x + 12424 = 0, 2*a = 2*x + 8854 - 2634. What are the prime factors of a?
2, 3, 7, 37
Let u = -26 + 28. Suppose -7*q + u*q + 7124 = -4*x, 3*q + 4*x = 4300. What are the prime factors of q?
2, 3, 7, 17
Let a = -3438 + 17866. List the prime factors of a.
2, 3607
List the prime factors of 0/1 + (-29548)/(-4) + (-296)/(-74).
19, 389
Suppose 4*g - 6*g = -28. Let y = 14 - g. Suppose y = -5*r + 4*m + 318, m = 2*r - 54 - 75. List the prime factors of r.
2, 3, 11
Suppose -3 = -4*m + m. Let s be (-3 - m) + 1*6. Let w(f) = 22*f**2 + 5*f - 5. What are the prime factors of w(s)?
3, 31
Let p(c) = 3400*c - 68. Let s be p(-6). What are the prime factors of s/(-49) - 3/(-21)*2?
2, 11, 19
Let g(d) = -368*d + 18374 - 18670 + 83*d. List the prime factors of g(-5).
1129
Let d(u) = u**3 - 107*u**2 + 240*u + 940. List the prime factors of d(110).
2, 5, 37, 43
Suppose l - h - 16962 = 0, -h + 57947 = 3*l + 7057. List the prime factors of l.
16963
Let l be (-4)/10 - (-6711608)/20. What are the prime factors of l/544 + (-2)/(-16)?
617
Suppose -73835 = -3*r - 2*i, 0 = -5*r - 4*i + 2*i + 123057. List the prime factors of r.
24611
Let x(k) be the first derivative of k**2/2 + 21*k - 27. Let h be x(-17). Suppose -2*c + 86 = h*t - 534, 2*t - 2*c - 310 = 0. What are the prime factors of t?
5, 31
Suppose 24*t - 28*t + 28 = -2*n, 2*t + 5*n = -10. Let r(p) = -6*p + 242. List the prime factors of r(t).
2, 53
Let m be (13 - -2)*(-2)/6. Let b(z) = -6 + 6 - z + 11. List the prime factors of b(m).
2
Let g(n) = -6*n**3 - 5*n - 5. Let v be g(-5). Suppose -2*t + 3*t - a - 383 = 0, 0 = 2*t - 4*a - v. Let s = t - 251. What are the prime factors of s?
2, 5, 13
Let h(c) be the third derivative of 343*c**4/24 - 65*c**3/3 - 51*c**2. List the prime factors of h(4).
2, 3, 23
Let y(z) = 17*z**2 + 42*z + 202. Let x be y(-28). Suppose 7*k - x = -3177. List the prime factors of k.
3, 19, 23
Let i be (-2270)/(-45)*15*(-6)/(-5). Suppose 0 = -59*s + 55*s + i. What are the prime factors of s?
227
Suppose 251*m - 156*m = 1375220. List the prime factors of m.
2, 7, 11, 47
Suppose -f = 5*j - 64, -3*j = -8*f + 9*f - 40. Suppose 3*d - j*c = -14*c + 2698, 3*c - 890 = -d. List the prime factors of d.
2, 11, 41
What are the prime factors of (-9 + 11 - -4848) + 1?
3, 7, 11
Suppose 0 = 3*f - 3*a + 3849, -a - 3031 = 5*f + 3390. Let v = f - -2469. List the prime factors of v.
3, 5, 79
Let v(b) = 1365*b - 3253. List the prime factors of v(14).
101, 157
Suppose -7*j = -14 - 7. Suppose -3*r - 4*q = -5*q - 13, -4*r = j*q - 26. Suppose -402 = -r*k + 2*k. List the prime factors of k.
2, 67
What are the prime factors of 28920 - 2*-5*(-18)/(-60)?
3, 31, 311
Let 